{"id":1135,"date":"2021-03-01T14:18:30","date_gmt":"2021-03-01T13:18:30","guid":{"rendered":"https:\/\/www.gswarta.pl\/?page_id=1135"},"modified":"2023-12-05T14:58:10","modified_gmt":"2023-12-05T13:58:10","slug":"status-spoldzielni","status":"publish","type":"page","link":"https:\/\/www.gswarta.pl\/?page_id=1135","title":{"rendered":"Statut Sp\u00f3\u0142dzielni"},"content":{"rendered":"\n<h2 class=\"wp-block-heading\">Statut Sp\u00f3\u0142dzielni<\/h2>\n\n\n\n<div class=\"spacer\" style=\"width:100%\"><\/div>\n\n\n\n<p>Zaktualizowany statut sp\u00f3\u0142dzielni zosta\u0142 zarejestrowany w Krajowym Rejestrze S\u0105dowym przez S\u0105d Rejonowy dla \u0141odzi \u2013 \u015ar\u00f3dmie\u015bcia XX Wydzia\u0142 Krajowego Rejestru S\u0105dowego z dat\u0105 24 marca 2003 roku.<\/p>\n\n\n\n<p><a href=\"https:\/\/www.gswarta.pl\/wp-content\/uploads\/2023\/12\/Statut-spoldzielni.pdf\" target=\"_blank\" rel=\"noopener\" title=\"\">Statut sp\u00f3\u0142dzielni GS Warta<\/a> <\/p>\n","protected":false},"excerpt":{"rendered":"<p>Statut Sp\u00f3\u0142dzielni Zaktualizowany statut sp\u00f3\u0142dzielni zosta\u0142 zarejestrowany w Krajowym Rejestrze S\u0105dowym przez S\u0105d Rejonowy dla \u0141odzi \u2013 \u015ar\u00f3dmie\u015bcia XX Wydzia\u0142 Krajowego Rejestru S\u0105dowego z dat\u0105 24 marca 2003 roku. Statut&hellip;<a href=\"https:\/\/www.gswarta.pl\/?page_id=1135\" class=\"more-link\"><span class=\"more-button\">Czytaj dalej<span class=\"screen-reader-text\">Statut Sp\u00f3\u0142dzielni<\/span><\/span><\/a><\/p>\n","protected":false},"author":6,"featured_media":0,"parent":0,"menu_order":0,"comment_status":"closed","ping_status":"closed","template":"","meta":{"_monsterinsights_skip_tracking":false,"_monsterinsights_sitenote_active":false,"_monsterinsights_sitenote_note":"","_monsterinsights_sitenote_category":0,"footnotes":""},"class_list":["post-1135","page","type-page","status-publish","hentry"],"_links":{"self":[{"href":"https:\/\/www.gswarta.pl\/index.php?rest_route=\/wp\/v2\/pages\/1135","targetHints":{"allow":["GET"]}}],"collection":[{"href":"https:\/\/www.gswarta.pl\/index.php?rest_route=\/wp\/v2\/pages"}],"about":[{"href":"https:\/\/www.gswarta.pl\/index.php?rest_route=\/wp\/v2\/types\/page"}],"author":[{"embeddable":true,"href":"https:\/\/www.gswarta.pl\/index.php?rest_route=\/wp\/v2\/users\/6"}],"replies":[{"embeddable":true,"href":"https:\/\/www.gswarta.pl\/index.php?rest_route=%2Fwp%2Fv2%2Fcomments&post=1135"}],"version-history":[{"count":4,"href":"https:\/\/www.gswarta.pl\/index.php?rest_route=\/wp\/v2\/pages\/1135\/revisions"}],"predecessor-version":[{"id":1400,"href":"https:\/\/www.gswarta.pl\/index.php?rest_route=\/wp\/v2\/pages\/1135\/revisions\/1400"}],"wp:attachment":[{"href":"https:\/\/www.gswarta.pl\/index.php?rest_route=%2Fwp%2Fv2%2Fmedia&parent=1135"}],"curies":[{"name":"wp","href":"https:\/\/api.w.org\/{rel}","templated":true}]}}