{"id":1179,"date":"2021-03-01T14:54:11","date_gmt":"2021-03-01T13:54:11","guid":{"rendered":"https:\/\/www.gswarta.pl\/?page_id=1179"},"modified":"2021-03-01T14:54:12","modified_gmt":"2021-03-01T13:54:12","slug":"placowki-handlowe","status":"publish","type":"page","link":"https:\/\/www.gswarta.pl\/?page_id=1179","title":{"rendered":"Plac\u00f3wki Handlowe"},"content":{"rendered":"\n<h2 class=\"wp-block-heading\">Plac\u00f3wki Handlowe<\/h2>\n\n\n\n<div class=\"spacer\" style=\"width:100%\"><\/div>\n\n\n\n<p>Posiadamy sie\u0107 sklep\u00f3w spo\u017cywczo-przemys\u0142owych&nbsp;na terenie ca\u0142ej gminy. Nasze sklepy detaliczne regularnie odwiedzaj\u0105 stali klienci, kt\u00f3rzy doceniaj\u0105 wysok\u0105 jako\u015b\u0107 oferowanych przez nas towar\u00f3w w atrakcyjnych cenach. My za\u015b swoim klientom zapewniamy szeroki asortyment wyrob\u00f3w uznanych producent\u00f3w krajowych i zagranicznych. Gwarantujemy uczciwo\u015b\u0107 oraz mi\u0142\u0105, szybk\u0105 i profesjonaln\u0105 obs\u0142ug\u0119.<\/p>\n\n\n\n<p>W ofercie naszych sklep\u00f3w znajduj\u0105 si\u0119:<\/p>\n\n\n\n<ul class=\"wp-block-list\"><li>art. spo\u017cywcze<\/li><li>owoce i warzywa<\/li><li>pieczywo<\/li><li>nabia\u0142<\/li><li>mi\u0119so i w\u0119dliny<\/li><li>s\u0142odycze<\/li><li>napoje<\/li><li>alkohole<\/li><li>wyroby tytoniowe<\/li><li>\u00a0art. chemiczne<\/li><li>art. przemys\u0142owe<\/li><\/ul>\n\n\n\n<p>Gminna Sp\u00f3\u0142dzielnia w Warcie\u00a0posiada tak\u017ce 3 bazy obrotu rolnego prowadz\u0105ce sprzeda\u017c \u015brodk\u00f3w do produkcji rolnej, opa\u0142u, skup zb\u00f3\u017c\u00a0i z\u0142omu stalowego. Bazy zlokalizowane s\u0105 w Proboszczowicach, Rossoszycy i Jeziorsku.<\/p>\n","protected":false},"excerpt":{"rendered":"<p>Plac\u00f3wki Handlowe Posiadamy sie\u0107 sklep\u00f3w spo\u017cywczo-przemys\u0142owych&nbsp;na terenie ca\u0142ej gminy. Nasze sklepy detaliczne regularnie odwiedzaj\u0105 stali klienci, kt\u00f3rzy doceniaj\u0105 wysok\u0105 jako\u015b\u0107 oferowanych przez nas towar\u00f3w w atrakcyjnych cenach. My za\u015b swoim&hellip;<a href=\"https:\/\/www.gswarta.pl\/?page_id=1179\" class=\"more-link\"><span class=\"more-button\">Czytaj dalej<span class=\"screen-reader-text\">Plac\u00f3wki Handlowe<\/span><\/span><\/a><\/p>\n","protected":false},"author":6,"featured_media":0,"parent":0,"menu_order":0,"comment_status":"closed","ping_status":"closed","template":"","meta":{"_monsterinsights_skip_tracking":false,"_monsterinsights_sitenote_active":false,"_monsterinsights_sitenote_note":"","_monsterinsights_sitenote_category":0,"footnotes":""},"class_list":["post-1179","page","type-page","status-publish","hentry"],"_links":{"self":[{"href":"https:\/\/www.gswarta.pl\/index.php?rest_route=\/wp\/v2\/pages\/1179","targetHints":{"allow":["GET"]}}],"collection":[{"href":"https:\/\/www.gswarta.pl\/index.php?rest_route=\/wp\/v2\/pages"}],"about":[{"href":"https:\/\/www.gswarta.pl\/index.php?rest_route=\/wp\/v2\/types\/page"}],"author":[{"embeddable":true,"href":"https:\/\/www.gswarta.pl\/index.php?rest_route=\/wp\/v2\/users\/6"}],"replies":[{"embeddable":true,"href":"https:\/\/www.gswarta.pl\/index.php?rest_route=%2Fwp%2Fv2%2Fcomments&post=1179"}],"version-history":[{"count":1,"href":"https:\/\/www.gswarta.pl\/index.php?rest_route=\/wp\/v2\/pages\/1179\/revisions"}],"predecessor-version":[{"id":1180,"href":"https:\/\/www.gswarta.pl\/index.php?rest_route=\/wp\/v2\/pages\/1179\/revisions\/1180"}],"wp:attachment":[{"href":"https:\/\/www.gswarta.pl\/index.php?rest_route=%2Fwp%2Fv2%2Fmedia&parent=1179"}],"curies":[{"name":"wp","href":"https:\/\/api.w.org\/{rel}","templated":true}]}}