{"id":708,"date":"2021-02-22T12:40:58","date_gmt":"2021-02-22T11:40:58","guid":{"rendered":"https:\/\/www.gswarta.pl\/?page_id=708"},"modified":"2021-03-01T15:17:44","modified_gmt":"2021-03-01T14:17:44","slug":"praca","status":"publish","type":"page","link":"https:\/\/www.gswarta.pl\/?page_id=708","title":{"rendered":"Praca"},"content":{"rendered":"\n<h2 class=\"wp-block-heading\">Praca<\/h2>\n\n\n\n<div class=\"spacer\" style=\"width:100%\"><\/div>\n\n\n\n<p>Gminna Sp\u00f3\u0142dzielnia Samopomoc Ch\u0142opska w Warcie ul. Kaliska 7 tel.\/fax 43\/8294761 e-mail\u00a0<a href=\"mailto:gswarta@vp.pl\">gswarta@vp.pl<\/a>\u00a0zatrudni \u00a0pracownika na stanowisku piekarza w piekarni w Warcie przy ul. Kaliskiej 10 wymagane do\u015bwiadczenie w bran\u017cy oraz posiadanie kwalifikacji zawodowych. Oferujemy prac\u0119 jednozmianow\u0105 aplikacje prosimy przesy\u0142a\u0107 na adres siedziby Sp\u00f3\u0142dzielni lub drog\u0105 email: gswarta@vp.pl. W aplikacji prosimy zawrze\u0107 sformu\u0142owanie ,,wyra\u017cam zgod\u0119 na przetworzenie moich danych osobowych dla potrzeb rekrutacji zgodnie z ustaw\u0105 z dnia 29.08.97 o ochronie danych osobowych\u201d.<\/p>\n","protected":false},"excerpt":{"rendered":"<p>Praca Gminna Sp\u00f3\u0142dzielnia Samopomoc Ch\u0142opska w Warcie ul. Kaliska 7 tel.\/fax 43\/8294761 e-mail\u00a0gswarta@vp.pl\u00a0zatrudni \u00a0pracownika na stanowisku piekarza w piekarni w Warcie przy ul. Kaliskiej 10 wymagane do\u015bwiadczenie w bran\u017cy oraz&hellip;<a href=\"https:\/\/www.gswarta.pl\/?page_id=708\" class=\"more-link\"><span class=\"more-button\">Czytaj dalej<span class=\"screen-reader-text\">Praca<\/span><\/span><\/a><\/p>\n","protected":false},"author":7,"featured_media":0,"parent":0,"menu_order":0,"comment_status":"closed","ping_status":"closed","template":"","meta":{"_monsterinsights_skip_tracking":false,"_monsterinsights_sitenote_active":false,"_monsterinsights_sitenote_note":"","_monsterinsights_sitenote_category":0,"footnotes":""},"class_list":["post-708","page","type-page","status-publish","hentry"],"_links":{"self":[{"href":"https:\/\/www.gswarta.pl\/index.php?rest_route=\/wp\/v2\/pages\/708","targetHints":{"allow":["GET"]}}],"collection":[{"href":"https:\/\/www.gswarta.pl\/index.php?rest_route=\/wp\/v2\/pages"}],"about":[{"href":"https:\/\/www.gswarta.pl\/index.php?rest_route=\/wp\/v2\/types\/page"}],"author":[{"embeddable":true,"href":"https:\/\/www.gswarta.pl\/index.php?rest_route=\/wp\/v2\/users\/7"}],"replies":[{"embeddable":true,"href":"https:\/\/www.gswarta.pl\/index.php?rest_route=%2Fwp%2Fv2%2Fcomments&post=708"}],"version-history":[{"count":3,"href":"https:\/\/www.gswarta.pl\/index.php?rest_route=\/wp\/v2\/pages\/708\/revisions"}],"predecessor-version":[{"id":1204,"href":"https:\/\/www.gswarta.pl\/index.php?rest_route=\/wp\/v2\/pages\/708\/revisions\/1204"}],"wp:attachment":[{"href":"https:\/\/www.gswarta.pl\/index.php?rest_route=%2Fwp%2Fv2%2Fmedia&parent=708"}],"curies":[{"name":"wp","href":"https:\/\/api.w.org\/{rel}","templated":true}]}}